- 71. Is w(v) a composite number?
False
Let a = 1033 - 1037. Let u(w) = -34*w**3 - 8*w**2 - 29*w - 63. Is u(a) a prime number?
False
Let t be 10/45*3*21. Suppose 5*o + 26 = 6. Is ((-6)/21 - (-774)/t) + o prime?
False
Let h(c) = 1800*c - 1949. Is h(46) prime?
False
Let r be -4 + 42/3 + -10 + 5. Suppose -r*m = -3*x - 4685, 18*m = 14*m + x + 3748. Is m prime?
True
Let z(j) = -j**3 - 12*j**2 - 2*j - 26. Let y be z(-12). Let n(f) = -2411*f + 21. Is n(y) a composite number?
True
Let b = 307750 - -357691. Is b a prime number?
False
Suppose -3*l + 20 = 4*j, -3*j + 6*j = 6. Let o(v) = 201*v**3 + v**2 + 15. Is o(l) composite?
True
Suppose 22*n - 4932638 + 1215628 = 0. Is n a composite number?
True
Suppose -7*b = 9 - 107. Is (80286/9)/(-5*b/(-105)) prime?
True
Let y(c) = 612*c - 53. Let g(t) = 12*t. Let b be g(1). Is y(b) prime?
False
Let l be (-1 - 0) + 1739*(-8)/2. Let q = 17018 + l. Is q a composite number?
False
Suppose 3*a - 31762 = -i, -3*i + 4*a - 15195 = -110416. Is i composite?
True
Let i(w) = -32643*w + 1. Is i(-2) composite?
False
Let c(k) = 22*k**3 + 3*k**2 - 3. Let l be 19/(-38) + 5/(-2). Let t be c(l). Let x = 1019 + t. Is x a composite number?
False
Let v be 6/(-2)*((-8)/(-2) - 5). Is (7663/v)/(39/117) a prime number?
False
Let z(j) = 3*j + 8. Let b be z(-2). Suppose b*u - 6*u = -84. Let r(a) = a**3 - 18*a**2 + 2*a - 4. Is r(u) prime?
True
Is (2 + (14/(-7) - -1))/((-2)/(-471218)) composite?
True
Suppose -2*r + 2 = -20*u + 19*u, -5*r - 4*u + 31 = 0. Suppose r*c - 3*y - 9885 = 0, c + 2*y - 3720 = -431. Is c a composite number?
True
Let g be 3660/(-45)*((-45)/6 - -3). Suppose g*w = 359*w + 257831. Is w composite?
False
Suppose -x - 55 = -4*i - 0*x, -35 = -2*i - x. Suppose 0 = -i*j + 16*j - 679. Is j a prime number?
False
Suppose p - 2*c = 3*c + 31, -113 = -3*p - 5*c. Suppose -4*l = -5*y + p, 0*y = l + y. Is (l/4)/(1/(-431)) prime?
True
Let d be 1/7 + (-18)/7*-1615. Let t = -2766 + d. Is t prime?
False
Let u = -20455 + 53286. Is u a prime number?
True
Let b(c) = -5*c - 107. Let h be b(-23). Suppose -9*r = -h*r + 5*k - 14976, -4*r + 59838 = -2*k. Is r a composite number?
True
Let b = 659365 - 317028. Is b composite?
False
Let h(x) = 466*x**2 + 39*x + 10. Is h(-11) a composite number?
False
Let z be (11 - 0)*-11*-7 + 5. Suppose 3*d + 3*g - z = 147, -d + 345 = 4*g. Is d prime?
False
Let y(p) = -p**3 + 17*p**2 - 37*p - 26. Is y(9) composite?
True
Suppose -59 = 3*o - 74. Suppose -83343 = -3*q - 4*h, 3*q + h = o*q - 55573. Is q prime?
False
Suppose 5*r + r - 2844 = 0. Let v = -593 + 412. Let w = r + v. Is w prime?
True
Let d(o) = 13817*o**2 - 46*o + 275. Is d(6) composite?
False
Let m = 26942 + -15853. Let u = 3108 + m. Is u composite?
False
Is 1 + (58/1015 - 4695948/(-35)) a prime number?
True
Let y = 332 - -260. Suppose 22*n + 4440 = -4382. Let z = n + y. Is z a prime number?
True
Let s = 32550 - 21139. Let z = -6562 + s. Is z a prime number?
False
Let a be 566/6 - (-4)/6. Suppose -3*s + 3*p - 69 = 0, 4*s + s = p - a. Is s/24 - 2*9694/(-16) a prime number?
False
Is (-9230061)/(-184)*(-120)/(-45) prime?
True
Suppose -76*y + 60*y = -80. Suppose -3*g = -v + 2824, y*v + 0*v - 14086 = -2*g. Is v composite?
True
Suppose 22*u - 17 = 5. Let n = 634 + u. Is n a composite number?
True
Suppose 0 = 203*f + 287*f - 57912610. Is f prime?
True
Is -5 - -28357 - (1 + 2)/((-63)/(-63)) composite?
False
Let g be (19 - 17)*(1 - -7). Suppose g*t = 12*t + 600. Suppose 0 = 4*m - 5*y - t - 2354, -1270 = -2*m - 2*y. Is m a prime number?
True
Let r(b) = -94*b**3 + 7*b**2 + b - 6. Let p be r(-6). Let a = p + -12229. Is a composite?
True
Let c = -1558 - -13215. Is c a prime number?
True
Let d(g) be the third derivative of -109*g**4/24 + g**3/6 + 23*g**2. Let c be (-42)/(-35)*(-20)/6. Is d(c) composite?
True
Suppose -204667636 - 15173730 = -563*s. Is s composite?
True
Is (-5 + 7)/((-10)/(-49255)) prime?
True
Suppose 167*y - 126*y - 1631513 = 0. Is y prime?
False
Is (-6726)/(-3) - 10*(-3)/(-6) composite?
False
Is (8668278/45)/((-396)/(-715) + 2/(-13)) composite?
False
Let k(r) = 1517*r**2 + 2*r + 1. Suppose z - 4 = -3*s + 4*s, s - 3*z = -10. Let c be k(s). Let h = c - 887. Is h prime?
False
Suppose 0 = -8*z - 0*z + 24. Suppose 4020 = 3*h + z*h. Suppose 8*l - h - 24634 = 0. Is l a composite number?
False
Let j be -5 + 186/36 - 226/(-12). Suppose -7*i + j = 5. Suppose 2*b = -i*q + q + 1111, q + 3*b - 1108 = 0. Is q composite?
False
Suppose 70025 = -5*n - 5*d, n + 2*d = -5775 - 8234. Let w = 23792 + n. Is w prime?
True
Suppose 4*r + 25 = s, 10 + 10 = r + 5*s. Let y be ((r - 1) + 6)/(-1 + -1). Suppose 2*n - 3*l = 2083, 3*n = -y*l + 3*l + 3126. Is n composite?
True
Suppose -10*d + 11 = 31. Is 1*(-6 + 11907)*d/(-6) prime?
True
Let q(b) = 57*b**2 - 2*b - 63. Suppose -277*r - 48 = -283*r. Is q(r) a prime number?
False
Let a(m) = m**3 + 20*m**2 - 21*m + 5. Let y be a(-21). Suppose w - 16938 = -y*f, -16965 = 13*w - 14*w + 4*f. Is w a prime number?
False
Let p be -6 + 7 - (-4 + 1). Suppose -p*w = -4*t + 2754 - 15730, -12997 = -4*w - 3*t. Is w composite?
True
Let p = 609320 - -55689. Is p a composite number?
True
Let d = 77 - 226. Let c = d + 175. Is c a composite number?
True
Suppose -5*r - y + 566399 = 0, 77*r + 5*y + 113311 = 78*r. Is r composite?
True
Is (-243)/(-2187) - ((-51509336)/(-9))/(-4) composite?
True
Let y(w) = 248*w**2 - 8*w - 194. Is y(-12) a composite number?
True
Let s(z) = 67191*z + 7996. Is s(13) a composite number?
False
Suppose -3*g = 5*g - 16. Suppose -2450 - 138 = -g*l. Is l a composite number?
True
Let l be (349 - (-2 + 4))/(-1). Let i = -236 - l. Suppose 0*s + 4*s + i = u, 2*u - 227 = 3*s. Is u composite?
True
Suppose 0 = 5*u - 4*u - 997. Is (1/2)/(3/6) + u composite?
True
Let c(h) = 1953*h**2 + 11*h - 3. Is c(2) composite?
True
Let d(y) = 7*y**2 - 77*y - 323. Is d(-70) composite?
False
Suppose -3*w - w - 4*c + 4 = 0, 2*w + 6 = -4*c. Suppose -w*m - 40 = 5. Is (-12120)/(-18) + 3/m prime?
True
Suppose -420*t + 849*t - 7899260 = 409*t. Is t prime?
True
Suppose 7 = 7*w - 7. Suppose 0 = w*t - 4*t + 5*t. Is (t - -129)*(-1)/(-9)*3 a composite number?
False
Suppose 4*b = 2*u - 150226, b + 150226 = 455*u - 453*u. Is u a composite number?
True
Let x(h) = 16333*h**2 + 18*h + 67. Is x(-4) composite?
False
Suppose -4*x = s - 97704, -4*x + 8*s - 5*s = -97704. Is (x/36)/(1/2) a composite number?
True
Suppose 1721 = 2*s + 2*w - 5*w, 3*w = 4*s - 3445. Let a = s - 222. Suppose 433 = i - a. Is i a prime number?
False
Let o = -270 - -277. Suppose -797 = -3*i + o*a - 6*a, -5*i = 2*a - 1321. Is i a prime number?
False
Is (23/(-138)*(-1 - -3))/((-1)/1077303) composite?
False
Let z(q) be the first derivative of -q**4/2 - 10*q**3/3 - 23*q**2/2 - 89*q + 141. Is z(-25) a composite number?
True
Let p be -2*(-367 + -3 + 3). Suppose 0 = 30*o - 28*o - p. Let z = 660 - o. Is z a prime number?
True
Suppose 0*r = -3*r + 12. Suppose -r*k + 328 = 4*h, 0 = h + 8 - 5. Is k a prime number?
False
Let v(q) = -1195*q**2 + 2*q - 23. Let x(i) = 1196*i**2 - 2*i + 25. Let a(m) = -6*v(m) - 5*x(m). Is a(3) a prime number?
False
Suppose 3*w - 276 = 3*v, 0 = 5*w + 2*v - 254 - 199. Let y(x) = -34*x + 514. Let r be y(15). Suppose r*t - 364 = -3*i, 0*i - w = -t + i. Is t composite?
True
Let m = 123815 + 36302. Is m a composite number?
False
Let s(i) = -32*i + 9. Let n(p) = p**2 + 8*p + 4. Let o be n(-8). Suppose 0 = -o*y - 2*d - 28, 3*d = -0*y + 5*y + 24. Is s(y) composite?
True
Suppose i - 506 = -3*a, 39 = 4*a - 2*i - 619. Let v = a + -49. Let r = v + -49. Is r a composite number?
True
Suppose 283*g = 284*g - 18223 - 60904. Is g composite?
True
Let n = -48888 - -82764. Is (-15 - -18) + n/2 - -4 composite?
True
Let n be 23/161 - 853/(-7). Suppose -p + 2*o + n = -o, -3*p = -5*o - 370. Suppose 8*t = 59 + p. Is t a composite number?
False
Let v(m) = -59651*m - 75. Is v(-4) composite?
False
Let u be -2 - 50 - (1 - 3). Let q be (54/10)/(60/(-900)). Let a = u - q. Is a composite?
False
Suppose -5*k - 3*z + 369 = -7*z, -3*k - 3*z = -216. Suppose -4*a + k = -3175. Is (22/(-4))/((-14)/a) prime?
False
Let m be (0 - 1)*124/(-4). Let h = 33 - m. Suppose -h*q + 1738 = 2*j, -q - 5*j + 1081 = 220. Is q prime?
False
Let i(k) be the second derivative of k**4/12 + k**3/6 - k**2/2 - 4*k. Let v be i(0). Is (0 - v)*-1 - -327 prime?